e 16, what is -6d0 + 12?
-6be
In base 9, what is -322 - 332?
-654
In base 12, what is 3a - -1008?
1046
In base 12, what is 3825 + -40?
37a5
In base 6, what is -1 - -12554?
12553
In base 13, what is -4b - 13?
-61
In base 3, what is -1212211002 + -2?
-1212211011
In base 12, what is -63b781 + 0?
-63b781
In base 14, what is -540 + 15c?
-3c2
In base 7, what is 111 + 2023?
2134
In base 13, what is -20 - -4a54b?
4a52b
In base 14, what is 8 - -57b?
585
In base 8, what is -24705 + 20?
-24665
In base 3, what is 1220221001220 - 1?
1220221001212
In base 11, what is 2a2 + 7281?
7573
In base 16, what is -14bc - 6?
-14c2
In base 8, what is 5 - 12554?
-12547
In base 5, what is -1 - -343323?
343322
In base 11, what is -5638a3 + 3?
-5638a0
In base 2, what is -11100110011 + 110010001?
-10110100010
In base 6, what is 15340030 + -1?
15340025
In base 4, what is -33322 - -20132?
-13130
In base 12, what is a53731 + 1?
a53732
In base 12, what is 133143 + -1?
133142
In base 13, what is -22 + a07b?
a059
In base 2, what is -100011111 - -1001011?
-11010100
In base 15, what is 16d88 + -4?
16d84
In base 9, what is -2657 + -10?
-2667
In base 6, what is -132 + 220?
44
In base 2, what is 100 + -100000100010111?
-100000100010011
In base 3, what is 121211 - 212?
120222
In base 6, what is -41013 - 11?
-41024
In base 16, what is 19 - 2279?
-2260
In base 12, what is -1463 + -7a?
-1521
In base 13, what is 1 - 26a9?
-26a8
In base 6, what is -4 - -453004?
453000
In base 7, what is -1166501 + -1?
-1166502
In base 9, what is 1 + 1030378?
1030380
In base 16, what is -9 - -251cc?
251c3
In base 8, what is 236 - -10122?
10360
In base 15, what is 4 + -5722?
-571d
In base 12, what is -5 + -6035?
-603a
In base 9, what is -4 + 14713?
14708
In base 14, what is -1443b1 + -4?
-1443b5
In base 6, what is 15 + -251051?
-251032
In base 9, what is -22 - -26073?
26051
In base 9, what is -16 + 228586?
228570
In base 15, what is -e3ab - 11?
-e3bc
In base 7, what is 6 - -526201?
526210
In base 15, what is 6333 - 42?
62e1
In base 2, what is 110100111 - 111011?
101101100
In base 2, what is -11011011101 - 0?
-11011011101
In base 10, what is -1 + 20578?
20577
In base 16, what is -138a6 + -3?
-138a9
In base 7, what is 123553 - 5?
123545
In base 4, what is 3033 - 120002?
-110303
In base 2, what is 110010110111 + -101101?
110010001010
In base 6, what is 104125 + 3?
104132
In base 10, what is -76614 - 10?
-76624
In base 10, what is -2164 + -17?
-2181
In base 3, what is 10 - 22012210?
-22012200
In base 10, what is 273 - -29?
302
In base 10, what is 2 + -36224?
-36222
In base 10, what is -3 - 27063?
-27066
In base 13, what is 151a3 + -5?
1519b
In base 9, what is 15621 - -1?
15622
In base 16, what is -a737 + 0?
-a737
In base 9, what is 0 - -310?
310
In base 4, what is -10 + -133333213?
-133333223
In base 12, what is 158 + -3503?
-3367
In base 14, what is -6ac + 4?
-6a8
In base 7, what is 4 - -604356?
604363
In base 14, what is -12338 + -11?
-12349
In base 16, what is -f4c + -b?
-f57
In base 14, what is 451 + 1002?
1453
In base 2, what is -1 + -1000001111110111001?
-1000001111110111010
In base 12, what is 96a7 - -4?
96ab
In base 10, what is 763 + -19?
744
In base 7, what is -43 + 113305?
113232
In base 5, what is 2104403 - -3?
2104411
In base 8, what is 24 - 6250?
-6224
In base 13, what is -11c539 - -b?
-11c52b
In base 2, what is 111000110011100110111 + 101?
111000110011100111100
In base 10, what is 2 - 4344?
-4342
In base 15, what is -49127 + 0?
-49127
In base 2, what is 11101100101 + 11000?
11101111101
In base 16, what is 4ca - -c5?
58f
In base 2, what is 101111110010 + 101000?
110000011010
In base 14, what is 22 + -227?
-205
In base 16, what is -1e247 + -9?
-1e250
In base 13, what is 50a6 + -1?
50a5
In base 13, what is 1 - 33046?
-33045
In base 14, what is 6 + -186bb?
-186b5
In base 16, what is -2c - -83?
57
In base 10, what is -178 - 32178?
-32356
In base 10, what is 103 - -1387?
1490
In base 11, what is -266 + 76?
-1a0
In base 12, what is -1 + -ba78?
-ba79
In base 14, what is 4 - -17119?
1711d
In base 14, what is -2 + 41a33?
41a31
In base 3, what is -10102110220 + 121?
-10102110022
In base 15, what is -3db70 + -5?
-3db75
In base 15, what is 2d7879 - 2?
2d7877
In base 3, what is 10010 - -12112?
22122
In base 15, what is 22b8c0 - 6?
22b8b9
In base 4, what is -30013101 - -2?
-30013033
In base 15, what is 593e - -2?
5941
In base 16, what is -941 + f?
-932
In base 8, what is -63354 - 270?
-63644
In base 3, what is -2202 - 1011120?
-1021022
In base 3, what is 202221101102 - -10?
202221101112
In base 15, what is -e + 59e2?
59d3
In base 13, what is 15 - 7a84?
-7a6c
In base 16, what is 8aeb + -21?
8aca
In base 4, what is 13032 + 1312021?
1331113
In base 9, what is 5 + -256?
-251
In base 9, what is -22401 - -10?
-22381
In base 12, what is -5ab + 3?
-5a8
In base 2, what is -1000110 + 1100111?
100001
In base 9, what is -27253 + 3?
-27250
In base 12, what is 5 - -6046?
604b
In base 13, what is -1b0cb6 + 1?
-1b0cb5
In base 13, what is b9a5 - -5?
b9aa
In base 4, what is 110 + 12000210?
12000320
In base 13, what is 34c - 100?
24c
In base 3, what is -1112010 + 2122?
-1102111
In base 12, what is 653 + 278?
90b
In base 5, what is 10 - -1114443?
1120003
In base 5, what is -13423 - -211?
-13212
In base 3, what is 111 + 1101222022?
1101222210
In base 6, what is -2553 - -1220?
-1333
In base 13, what is -2a997 + 26?
-2a971
In base 8, what is 4 - 26331?
-26325
In base 3, what is -1020011 - 110?
-1020121
In base 13, what is -2262 + 2?
-2260
In base 7, what is 310 + -10064?
-6454
In base 10, what is 166 + 1036?
1202
In base 11, what is 640 - -16?
656
In base 2, what is 10101111 - 10011000?
10111
In base 2, what is 1001 + 10011100001111111?
10011100010001000
In base 5, what is 2 + 1024034?
1024041
In base 5, what is 1441031 - -431?
1442012
In base 2, what is 101011100100011 - -10111?
101011100111010
In base 14, what is 91d1dd - 1?
91d1dc
In base 4, what is 3 - 2011010?
-2011001
In base 11, what is 5 - a8469?
-a8464
In base 2, what is 10101000 - 1101100?
111100
In base 5, what is 24222 - -123?
24400
In base 14, what is -1 + -4848?
-4849
In base 15, what is 64982 - 1?
64981
In base 8, what is 1105 - -11267?
12374
In base 12, what is -a0 + 77a?
69a
In base 11, what is -134347 + 0?
-134347
In base 10, what is 5642 - 135?
5507
In base 15, what is -1 - 17593?
-17594
In base 12, what is -31 - 122?
-153
In base 7, what is -16015354 - 5?
-16015362
In base 7, what is -50313 + -112?
-50425
In base 6, what is 0 + -405241?
-405241
In base 14, what is 5 + -c5ab?
-c5a6
In base 7, what is -263 - 24?
-320
In base 14, what is 726 + -d?
717
In base 12, what is -3 + 171975?
171972
In base 11, what is 39767 + 0?
39767
In base 5, what is -13244 - 10230?
-24024
In base 11, what is -139 - 65?
-1a3
In base 12, what is -35 - -7273?
723a
In base 5, what is 0 - 1020122?
-1020122
In base 9, what is -17 - -8762?
8744
In base 13, what is 25 + -2110?
-20b8
In base 12, what is 39855 - 6?
3984b
In base 2, what is 1111100111010 + 1001100?
1111110000110
In base 15, what is -21 + -2804?
-2825
In base 11, what is 2 - 671?
-66a
In base 16, what is -28474 + 0?
-28474
In base 12, what is -73498a + -3?
-734991
In base 3, what is 121002220221 + -10?
121002220211
In base 13, what is -5a7 + 44?
-563
In base 8, what is -1010143 + -1?
-1010144
In base 8, what is -11447 - -120?
-11327
In base 7, what is 15542552 + -3?
15542546
In base 8, what is -7632 - -554?
-7056
In base 11, what is -31 + 2a4?
273
In base 15, what is a97d + 8?
a986
In base 11, what is -30 + 373?
343
In base 13, what is -1051 - 22?
-1073
In base 7, what is 2 + 44335?
44340
In base 15, what is -3 - -12171?
1216d
In base 13, what is -48b5 - -36?
-487c
In base 16, what is -4b - 87?
-d2
In base 16, what is -4 + 4019?
4015
In base 2, what is -1110100 + -110010?
-10100110
In base 4, what is 33130201 - 111?
33130030
In base 5, what is 10 - -2300230?
2300240
In base 15, what is bd + -42?
7b
In base 16, what is -1d7 + 33?
-1a4
In base 10, what is 5 + 9414?
9419
In base 5, what is -323 - 203200?
-204023
In base 6, what is -25 + 2320501?
2320432
In base 2, what is 11111111010 + 100010?
100000011100
In base 11, what is -a0269 - 6?
-a0274
In base 2, what is 100111 - -11001?
1000000
In base 13, what is -4 + a12c1?
a12ba
In base 